{"id":79,"date":"2026-03-09T15:34:21","date_gmt":"2026-03-09T14:34:21","guid":{"rendered":"https:\/\/www.alesruzicka.com\/?page_id=79"},"modified":"2026-03-23T22:17:29","modified_gmt":"2026-03-23T21:17:29","slug":"bio","status":"publish","type":"page","link":"https:\/\/www.alesruzicka.com\/?page_id=79","title":{"rendered":"Bio"},"content":{"rendered":"\n<div style=\"height:48px\" aria-hidden=\"true\" class=\"wp-block-spacer\"><\/div>\n\n\n\n<div class=\"wp-block-columns is-layout-flex wp-container-core-columns-is-layout-28f84493 wp-block-columns-is-layout-flex\">\n<div class=\"wp-block-column is-layout-flow wp-block-column-is-layout-flow\">\n<h2 class=\"wp-block-heading\"><strong>MgA. Ale\u0161 R\u016f\u017ei\u010dka<\/strong><br><\/h2>\n<\/div>\n<\/div>\n\n\n\n<div class=\"wp-block-columns is-layout-flex wp-container-core-columns-is-layout-28f84493 wp-block-columns-is-layout-flex\">\n<div class=\"wp-block-column is-layout-flow wp-block-column-is-layout-flow\">\n<h3 class=\"wp-block-heading\"><strong>Narozen 31. srpna 1977 v T\u00e1bo\u0159e. \u017dije a pracuje v Praze. Je \u017eenat\u00fd, m\u00e1 dv\u011b d\u011bti.<\/strong><\/h3>\n<\/div>\n<\/div>\n\n\n\n<div class=\"wp-block-columns alignwide is-layout-flex wp-container-core-columns-is-layout-28f84493 wp-block-columns-is-layout-flex\">\n<div class=\"wp-block-column is-layout-flow wp-block-column-is-layout-flow\">\n<p><strong>Studia<\/strong><br><strong>1995\u20132002<\/strong><br>Akademie v\u00fdtvarn\u00fdch um\u011bn\u00ed v Praze<br>Ateli\u00e9r krajinomalby (prof. Franti\u0161ek Hodonsk\u00fd)<br>Ateli\u00e9r malby (odborn\u00fd asistent Anton\u00edn St\u0159\u00ed\u017eek)<br>Ateli\u00e9r malby (doc. Michael Rittstein)<br><strong>1991\u20131995<\/strong><br>St\u0159edn\u00ed pr\u016fmyslov\u00e1 \u0161kola keramick\u00e1 v Bechyni<br>Obor: v\u00fdtvarn\u00e9 zpracov\u00e1n\u00ed keramiky a porcel\u00e1nu<br><br><strong>Ceny a \u010dlenstv\u00ed<\/strong><br><strong>2006<\/strong><br>I. cena V\u00e1clava Chada na IV. Zl\u00ednsk\u00e9m salonu mlad\u00fdch<br>(mezin\u00e1rodn\u00ed p\u0159ehl\u00eddka autor\u016f do 30 let)<br><strong>Od roku 2010<\/strong><br>\u010clen v\u00fdtvarn\u00e9ho oboru Um\u011bleck\u00e9 besedy<br><br><strong>Zastoupen\u00ed ve sb\u00edrk\u00e1ch<\/strong><br>N\u00e1rodn\u00ed galerie v Praze<br>Krajsk\u00e1 galerie v\u00fdtvarn\u00e9ho um\u011bn\u00ed ve Zl\u00edn\u011b<br>Galerie v\u00fdtvarn\u00e9ho um\u011bn\u00ed v Litom\u011b\u0159ic\u00edch<br>Galerie Felixe Jeneweina v Kutn\u00e9 Ho\u0159e<br>Sb\u00edrka m\u011bsta Jajce (Bosna a Hercegovina)<br>Soukrom\u00e9 sb\u00edrky v \u010cR i v zahrani\u010d\u00ed<br><br><\/p>\n<\/div>\n\n\n\n<div class=\"wp-block-column is-layout-flow wp-block-column-is-layout-flow\">\n<p><strong>Samostatn\u00e9 v\u00fdstavy (v\u00fdb\u011br)<\/strong><br><strong>2024<\/strong><br>Praha, Galerie Emilie Pali\u010dkov\u00e9 \u2013 <em>POLCAR \/ R\u016e\u017dI\u010cKA<\/em><br>Praha, Galerie Toyen \u2013 <em>KUFRY<\/em><br><strong>2023<\/strong><br>Praha, Galerie BudoArt \u2013 <em>SRDCOVKA<\/em> (se \u0160\u00e1rkou R\u016f\u017ei\u010dkovou Zad\u00e1kovou)<br>Praha, Galerie Vltav\u00edn \u2013 <em>OHNI\u0160T\u011a<\/em><br><strong>2021<\/strong><br>Kol\u00edn, Galerie m\u011bsta Kol\u00edna \u2013 <em>LOCUS<\/em><br>Znojmo, G.A.P. \u2013 <em>\u00daZEM\u00cd<\/em><br><strong>2019<\/strong><br>Bechyn\u011b, Galerie 2+1 \u2013 <em>LUFT<\/em><br><strong>2018<\/strong><br>Praha, Topi\u010d\u016fv salon \u2013 <em>HORTUS<\/em><br>Zl\u00edn, Hv\u011bzd\u00e1rna \u2013 <em>NOMEN OMEN<\/em><br><strong>2016<\/strong><br>\u0158\u00ed\u010dany, Galerie Kotelna \u2013 <em>ROSA UMBROSA<\/em><br><strong>2015<\/strong><br>Praha, Novom\u011bstsk\u00e1 radnice \u2013 <em>M\u00c1MY BALKON, T\u00c1TY ST\u016eL<\/em><br>Klatovy, Galerie U B\u00edl\u00e9ho jednoro\u017ece \u2013 <em>DAR SPL\u00cdNU<\/em><br><strong>2014<\/strong><br>Praha, Galerie Emauzy \u2013 <em>PRACH JSI<\/em><br><strong>2013<\/strong><br>Praha, Galerie BudoArt \u2013 <em>LOJZOVA V\u011aC<\/em> (se \u0160\u00e1rkou R\u016f\u017ei\u010dkovou Zad\u00e1kovou)<br><strong>2011<\/strong><br>Kutn\u00e1 Hora, Galerie Felixe Jeneweina \u2013 <em>VANITAS<\/em><br>Praha, Galerie Dolmen \u2013 <em>ST\u00c1LE \u017dIV\u00c9<\/em><br><strong>2009<\/strong><br>Praha, Nov\u00e1 s\u00ed\u0148 \u2013 <em>ROSA DOLOROSUS<\/em><br><strong>2008<\/strong><br>Praha, Galerie AVU \u2013 <em>VOL\u00c1N\u00cd P\u0158\u00cdRODY<\/em><br><strong>2007<\/strong><br>Zl\u00edn, D\u016fm um\u011bn\u00ed \u2013 <em>OBRAZY 1997\u20132007<\/em><br><strong>2005<\/strong><br>\u010cesk\u00e9 Bud\u011bjovice, AJG Wortner\u016fv d\u016fm \u2013 <em>VE VLASTN\u00cd \u0160\u0164\u00c1V\u011a<\/em><br><strong>2004<\/strong><br>Praha, Makromolekul\u00e1rn\u00ed \u00fastav AV \u010cR \u2013 <em>V\u00ddJEVY M\u00c9HO NADR\u017dEN\u00cd<\/em><br><br><strong>Spole\u010dn\u00e9 v\u00fdstavy (v\u00fdb\u011br)<\/strong><br><strong>2023<\/strong><br>Praha, Galerie Jilsk\u00e1 14 \u2013 <em>J\u00c1 \u2013 MY<\/em><br><strong>2022<\/strong><br>Krom\u011b\u0159\u00ed\u017e, Muzeum Krom\u011b\u0159\u00ed\u017eska \u2013 <em>3R<\/em><br><strong>2021<\/strong><br>Louny, Galerie Benedikta Rejta \u2013 <em>KRAJINA+<\/em><br>Praha, DOX \u2013 <em>VANITAS<\/em><br><strong>2020<\/strong><br>Litom\u011b\u0159ice, Severo\u010desk\u00e1 galerie v\u00fdtvarn\u00e9ho um\u011bn\u00ed \u2013 <em>POUTN\u00cdK, JE\u017d SE VRAC\u00cd<\/em><br><strong>2019<\/strong><br>Dobr\u0161, Galerie CoCo \u2013 <em>MALE\u010cEK, R\u016e\u017dI\u010cKA, R\u016e\u017dI\u010cKOV\u00c1 ZAD\u00c1KOV\u00c1, TRABURA<\/em><br><strong>2018<\/strong><br>Praha, Star\u00e1 \u010dist\u00edrna odpadn\u00edch vod 1906 \u2013 <em>SOUTOK<\/em><br><strong>2015<\/strong><br>Rakovn\u00edk, Galerie V\u00e1clava Rabase \u2013 <em>TV\u00c1\u0158E KRAJINY<\/em><br><strong>2013<\/strong><br>Opava, D\u016fm um\u011bn\u00ed \u2013 <em>UB LETADLO<\/em><br>Praha, Clam-Gallas\u016fv pal\u00e1c \u2013 <em>V UM\u011aN\u00cd VOLNOST<\/em><br><strong>2010<\/strong><br>Havl\u00ed\u010dk\u016fv Brod, M\u011bstsk\u00e9 muzeum v\u00fdtvarn\u00e9ho um\u011bn\u00ed \u2013 <em>POCTA BOHUSLAVU REYNKOVI<\/em><\/p>\n<\/div>\n<\/div>\n\n\n\n<p><\/p>\n","protected":false},"excerpt":{"rendered":"<p>MgA. Ale\u0161 R\u016f\u017ei\u010dka Narozen 31. srpna 1977 v T\u00e1bo\u0159e. \u017dije a pracuje v Praze. Je \u017eenat\u00fd, m\u00e1 dv\u011b d\u011bti. Studia1995\u20132002Akademie [&hellip;]<\/p>\n","protected":false},"author":1,"featured_media":0,"parent":0,"menu_order":0,"comment_status":"closed","ping_status":"closed","template":"","meta":{"site-sidebar-layout":"default","site-content-layout":"","ast-site-content-layout":"default","site-content-style":"default","site-sidebar-style":"default","ast-global-header-display":"","ast-banner-title-visibility":"","ast-main-header-display":"","ast-hfb-above-header-display":"","ast-hfb-below-header-display":"","ast-hfb-mobile-header-display":"","site-post-title":"disabled","ast-breadcrumbs-content":"","ast-featured-img":"","footer-sml-layout":"","ast-disable-related-posts":"","theme-transparent-header-meta":"","adv-header-id-meta":"","stick-header-meta":"","header-above-stick-meta":"","header-main-stick-meta":"","header-below-stick-meta":"","astra-migrate-meta-layouts":"default","ast-page-background-enabled":"default","ast-page-background-meta":{"desktop":{"background-color":"var(--ast-global-color-5)","background-image":"","background-repeat":"repeat","background-position":"center center","background-size":"auto","background-attachment":"scroll","background-type":"","background-media":"","overlay-type":"","overlay-color":"","overlay-opacity":"","overlay-gradient":""},"tablet":{"background-color":"","background-image":"","background-repeat":"repeat","background-position":"center center","background-size":"auto","background-attachment":"scroll","background-type":"","background-media":"","overlay-type":"","overlay-color":"","overlay-opacity":"","overlay-gradient":""},"mobile":{"background-color":"","background-image":"","background-repeat":"repeat","background-position":"center center","background-size":"auto","background-attachment":"scroll","background-type":"","background-media":"","overlay-type":"","overlay-color":"","overlay-opacity":"","overlay-gradient":""}},"ast-content-background-meta":{"desktop":{"background-color":"var(--ast-global-color-4)","background-image":"","background-repeat":"repeat","background-position":"center center","background-size":"auto","background-attachment":"scroll","background-type":"","background-media":"","overlay-type":"","overlay-color":"","overlay-opacity":"","overlay-gradient":""},"tablet":{"background-color":"var(--ast-global-color-4)","background-image":"","background-repeat":"repeat","background-position":"center center","background-size":"auto","background-attachment":"scroll","background-type":"","background-media":"","overlay-type":"","overlay-color":"","overlay-opacity":"","overlay-gradient":""},"mobile":{"background-color":"var(--ast-global-color-4)","background-image":"","background-repeat":"repeat","background-position":"center center","background-size":"auto","background-attachment":"scroll","background-type":"","background-media":"","overlay-type":"","overlay-color":"","overlay-opacity":"","overlay-gradient":""}},"footnotes":"","_links_to":"","_links_to_target":""},"class_list":["post-79","page","type-page","status-publish","hentry"],"_links":{"self":[{"href":"https:\/\/www.alesruzicka.com\/index.php?rest_route=\/wp\/v2\/pages\/79","targetHints":{"allow":["GET"]}}],"collection":[{"href":"https:\/\/www.alesruzicka.com\/index.php?rest_route=\/wp\/v2\/pages"}],"about":[{"href":"https:\/\/www.alesruzicka.com\/index.php?rest_route=\/wp\/v2\/types\/page"}],"author":[{"embeddable":true,"href":"https:\/\/www.alesruzicka.com\/index.php?rest_route=\/wp\/v2\/users\/1"}],"replies":[{"embeddable":true,"href":"https:\/\/www.alesruzicka.com\/index.php?rest_route=%2Fwp%2Fv2%2Fcomments&post=79"}],"version-history":[{"count":8,"href":"https:\/\/www.alesruzicka.com\/index.php?rest_route=\/wp\/v2\/pages\/79\/revisions"}],"predecessor-version":[{"id":276,"href":"https:\/\/www.alesruzicka.com\/index.php?rest_route=\/wp\/v2\/pages\/79\/revisions\/276"}],"wp:attachment":[{"href":"https:\/\/www.alesruzicka.com\/index.php?rest_route=%2Fwp%2Fv2%2Fmedia&parent=79"}],"curies":[{"name":"wp","href":"https:\/\/api.w.org\/{rel}","templated":true}]}}